divided by b.
29
Let z(b) = -b**3 - 11*b**2 + 6. What is the remainder when 18 is divided by z(-11)?
0
Let v be (4/(-5))/((-4)/(-10)). Let w = v - -6. What is the remainder when (1 - 55)*w/(-6) is divided by 19?
17
Suppose -778 = -7*i - 666. What is the remainder when 28 is divided by i?
12
Let s(c) = 42*c**2 + 1. Suppose 3*i - 90 = i. Suppose -i = -21*q + 18*q. Calculate the remainder when s(-1) is divided by q.
13
Let x = 11 - -1. Calculate the remainder when ((-8)/2 + 6)*(-1 + 10) is divided by x.
6
Suppose 2*l + 7*u = 6*u + 180, 3*l + 2*u = 269. Calculate the remainder when l is divided by 32.
27
Let g(n) = -n + 2*n + 2 + 2*n - n**3 - 2*n. Let v be g(0). Suppose 0*q = 2*r + 5*q + 4, v*q + 40 = 4*r. Calculate the remainder when 23 is divided by r.
7
Let i = 489 - 274. Let a = i + -145. What is the remainder when a is divided by 15?
10
What is the remainder when 216 is divided by ((-146)/(-3))/((-76)/(-114))?
70
Let m = -68 + 117. What is the remainder when m is divided by 10?
9
Let s(o) = 7*o + 5. Let z(m) = m**2 - 11*m - 5. Let u be z(11). Let f be s(u). Let n = f - -42. Calculate the remainder when 33 is divided by n.
9
Let n be (48/(-5))/((-12)/(-10) - 1). Calculate the remainder when 58 is divided by n/216 + (-364)/(-18).
18
Suppose -9*i + 228 = -6. Let o = 1 + 21. What is the remainder when o is divided by (-3)/9*(2 - i)?
6
Suppose -s = -26 + 2. Suppose 5*y - s = -4. Let o(u) = -u + 5. Calculate the remainder when y is divided by o(2).
1
Let z be (15/(-6))/(25/(-20)). What is the remainder when 69 is divided by (-12)/63*-7*27/z?
15
Suppose -3*j + 0*j = -18. Let g = 14 + j. What is the remainder when g is divided by ((-90)/(-3))/3 + 1?
9
Let z(b) = -b**3 + 2*b**2 + 2*b + 5. Suppose 0 = -m + 2 + 2. What is the remainder when (6/m)/(12/56) is divided by z(3)?
1
What is the remainder when (-1 - 1)/(-2 - (-105)/55) is divided by 15?
7
Let i(q) = -q**3 + 6*q**2 + 11*q - 16. Let v be i(6). Suppose 2*r + 3*r = v. Suppose 64 = 2*y + 2*y. Calculate the remainder when y is divided by r.
6
Let h(s) = 5*s**2 + 243*s - 59. What is the remainder when h(-49) is divided by 14?
11
Let w = 370 + -332. Calculate the remainder when 75 is divided by w.
37
Suppose 66 = 3*p - 2*i - 3*i, 2*i - 6 = 0. Let t = -9 + 7. Calculate the remainder when p is divided by 48/5 + t/(-5).
7
Let y = -31 + 48. Suppose -7 = 5*j + 5*x - y, -3*j = -3*x - 6. Suppose -2*d + 19 = 5. What is the remainder when d is divided by j?
1
Suppose 3*v - l = 4, -v - 3*v + 12 = -3*l. Suppose 5*i - 2*o = -v*o + 65, -4*o = 4*i - 52. Let a = -4 + i. Calculate the remainder when 32 is divided by a.
5
Calculate the remainder when 188 is divided by -1 + (-1608)/(-40) - 1/5.
32
Let x(d) = d**2 - 53*d + 76. Calculate the remainder when 109 is divided by x(52).
13
Let b = 34 - 41. Let v(h) = -2*h**2 - 16*h + 6. What is the remainder when v(b) is divided by 12?
8
Suppose -3*w = -d - 47, -w + 3*w - 38 = 4*d. What is the remainder when 51 is divided by w?
6
Suppose z - b = -0*z + 56, -3*z + 4*b + 165 = 0. Let c = 10547 + -10526. What is the remainder when z is divided by c?
17
Let a(l) = 57*l**2 - l + 1. Suppose -3*v + 49 - 37 = 0. Calculate the remainder when a(1) is divided by 9*15/36*v.
12
Let w be 78/(12/4) - -2. What is the remainder when 48 is divided by 4 + w/6*3?
12
Let h = -247 - -282. What is the remainder when h is divided by 11?
2
Let v be (-2 + -8)/(1*-2). Suppose 0 = 5*z - 109 + 14. Suppose v*c - z = 31. Calculate the remainder when c is divided by 4.
2
Let z = 36 - 30. Suppose z*i - 4*q = 2*i + 32, 4*q + 41 = 5*i. What is the remainder when 34 is divided by i?
7
Suppose 3*f - 13 = 29. Suppose -2*l + 290 = 2*p - 3*p, l - 4*p = 138. Suppose -l = 5*t - 416. Calculate the remainder when t is divided by f.
12
Suppose 0 = -4*g + 2*g + 5*p - 1, 5*g + 4*p = -52. Suppose -4*l + 5*l - 97 = -5*o, -l = 3*o - 59. What is the remainder when g*(-4)/(-32)*-74 is divided by o?
17
Let u(f) be the second derivative of f**3 + 45*f**2/2 - 31*f. What is the remainder when u(11) is divided by 38?
35
Suppose 2*g + g = 0. Suppose 4*n + 16 - 80 = g. Let r(w) = 10*w**2 - 2*w + 1. What is the remainder when r(-2) is divided by n?
13
Suppose -8 = -13*t + 57. Suppose 5*i + 0*b - 153 = 4*b, t*b + 126 = 4*i. Calculate the remainder when 143 is divided by i.
27
Suppose 460*n = 471*n - 1804. Calculate the remainder when n is divided by 28.
24
Suppose -4*p = 5*z - 65, -p - 19 = -2*z + 20. Let n(f) = -2*f**2 + 76*f - 525. Calculate the remainder when n(26) is divided by z.
14
Let p be (-2)/7 - (-594)/21. Suppose 9 = -p*c + 29*c. What is the remainder when 53 is divided by c?
8
Suppose 3*q = -2*x - 2*x, -18 = -2*x + 3*q. What is the remainder when 71 is divided by x?
2
Suppose -26 = -v + 26. Let i = v + -33. Suppose -19 = -2*t + i. What is the remainder when t is divided by 10?
9
Suppose -10 = -4*o + 6. Let z = 10 - o. Calculate the remainder when 28 is divided by z.
4
Suppose 168 = -9*w + 13*w. What is the remainder when w is divided by 28?
14
Let i = -257 + 263. What is the remainder when i is divided by 3?
0
Let r(z) = -z**3 + 50*z**2 + 107*z - 72. Calculate the remainder when 502 is divided by r(52).
82
Let q = -1147 - -1161. What is the remainder when q is divided by 6?
2
Let j = -8 + 10. Suppose -3*f - 59 = d, 3*f + 105 = -j*f - 3*d. Let t = f - -45. Calculate the remainder when 80 is divided by t.
26
Calculate the remainder when 5 + -8 + 4 - -212 is divided by 108.
105
Let u(g) = -2*g**3 - 18*g**2 - 4*g - 27. What is the remainder when u(-11) is divided by 42?
39
Let t(g) = -g**2 - 6*g - 5. Let f be t(-4). Suppose -3*c + 4*c - 111 = -4*h, -f*c = -9. What is the remainder when h is divided by 14?
13
Suppose -4*f + 12 + 8 = 0. Suppose 3*d = -f + 95. Let z(i) = 5*i**3 - i**2 - i - 4. Calculate the remainder when z(3) is divided by d.
29
Let p(f) = 18*f**3 + 14*f**2 - 7*f - 6. Calculate the remainder when p(1) is divided by 1 - (0 - 9 - 2).
7
Let p(d) = -110*d**3 - 2*d**2 + 4*d + 4. Calculate the remainder when p(-1) is divided by 32.
12
Suppose 12*m = -355 + 1003. Calculate the remainder when 263 is divided by m.
47
Suppose -l = -2*l + 20. Suppose 3*m = -5*t + 44, 0 = -2*t - 4*m - 0*m + 26. What is the remainder when l is divided by t?
6
Let u(a) = -11*a**3 - 6*a**2 - 7*a - 6. Calculate the remainder when u(-3) is divided by 20.
18
Let t = -130 - -215. Calculate the remainder when t is divided by 29.
27
Suppose 0 = -3*b - b - 16. Let j(f) = 3*f**2 + 6*f. Let h be j(b). Let l = h - 21. What is the remainder when l is divided by 3?
0
Suppose 0 = 15*u - 4588 - 197. What is the remainder when u is divided by 15?
4
Suppose 31 = -l + 5*o + 93, 0 = -5*l - 2*o + 364. Calculate the remainder when 503 is divided by l.
71
Let m(l) = 3*l - 4*l - 6 - 1. Let s be m(-7). Calculate the remainder when 57 is divided by (3 - (s + 5)) + 31.
28
Let l(c) = c**3 - 9*c**2 + 6*c + 2. Let q be l(8). Let w = q + 20. Let v(g) = g**2 + 51*g + 239. Calculate the remainder when v(-5) is divided by w.
3
Let n(j) = 51*j**3 - 3*j**2 + 2*j. Calculate the remainder when (3 - 0)/(-1*(-9)/294) is divided by n(1).
48
Let x(c) be the second derivative of c**4/2 - 4*c**3/3 + 3*c**2/2 - c. Let f be x(5). Let j = 167 - f. What is the remainder when j is divided by 19?
16
What is the remainder when 1086/5*485/291 is divided by 14?
12
Let l(z) = 5*z**3. Let k be l(1). Calculate the remainder when 64 is divided by (2/k)/((-1)/(-15)).
4
Suppose 2*w + 2*i - 64 = -16, 48 = 2*w + 5*i. Suppose 0 = -2*g - 2*g + 36. What is the remainder when w is divided by g?
6
Suppose 3*i = -5*m - 65 + 14, 0 = -i - 2. Let y = 11 - -15. Calculate the remainder when y is divided by 6/m + 58/6.
8
Suppose -23*w - 63 + 224 = 0. Let d(h) = -h**3 - 6*h**2 - 2*h - 1. Calculate the remainder when d(-6) is divided by w.
4
Let l = -109 + 4. Let g = l + 208. Calculate the remainder when g is divided by 21.
19
Let h = -2244 - -2304. What is the remainder when h is divided by 13?
8
Let m = -2 - -12. Suppose -m*l + 6*l = -192. Suppose 4*i - 3*s - l = -s, -2*s - 4 = 0. Calculate the remainder when 31 is divided by i.
9
Suppose 5*a = -3*h + 3*a - 26, h - 3*a + 16 = 0. Calculate the remainder when ((-136)/h + 2)*5 is divided by 20.
18
Suppose -6 = -3*d - 0. Suppose t - 3 = -d*t. What is the remainder 